
Suppose -r = -15 - 4. Let p be ((-1)/2)/(1/14). Calculate the remainder when r is divided by (30/21)/((-1)/p).
9
Let w(i) = -i**3 + 8*i**2 + 4*i + 5. Let t be w(8). Let u = t - 20. What is the remainder when 49 is divided by u?
15
What is the remainder when (-4)/(-12)*(46 - -2) is divided by 4?
0
Suppose -45 = -2*c + 5. What is the remainder when 95 is divided by c?
20
Suppose 0 = -z + 189 - 40. What is the remainder when z is divided by 38?
35
Suppose 5 - 2 = u. What is the remainder when 35 is divided by u + -4 + 20/1?
16
Suppose 4*a = 5*f - 615, 0*f - 4*f + 466 = 2*a. Calculate the remainder when f is divided by 30.
29
Suppose 4*k = -2*z - k - 56, 5*z + 3*k = -102. Let a = 29 + z. What is the remainder when 53 is divided by a?
9
Let o(z) = z + 2. Let m be o(2). Suppose -4*v - 2*b + 60 = 0, m*v + 17 - 65 = b. Calculate the remainder when 51 is divided by v.
12
Suppose 0 = -4*j - h + 65, j - 4*j = 5*h - 53. Calculate the remainder when 29 is divided by j.
13
Let z be (-30)/(-5) - (2 + -1). Suppose -z = -2*y + 15. Calculate the remainder when 38 is divided by y.
8
Let l = 6 + -2. Calculate the remainder when 68 is divided by (-753)/(-33) - l/(-22).
22
Suppose 6*z = 56 + 46. Calculate the remainder when 63 is divided by z.
12
Suppose -5*v - 5*z = 25, 4*v + z - 20 = 5*z. Suppose a - 7 + 3 = v. Suppose 3*s + 0 = 9. What is the remainder when a is divided by s?
1
Let z(y) = -6*y**3 + 2*y**2 - 4*y - 5. Suppose 4*l - 40 = 2*l. Calculate the remainder when z(-2) is divided by l.
19
Let n(s) = s**3 - 3*s**2 - 5*s - 8. Suppose 3*k = 3 + 15. Calculate the remainder when n(k) is divided by 18.
16
Let d be 6/(-9) + 2/3. Let t be (d - (-2)/2)/1. Let y = 5 + t. Calculate the remainder when 17 is divided by y.
5
Let x = -5 + 8. Let v(o) = o**3 - 3*o**2 + 2*o + 2. Let i be v(x). Let j = 11 + i. What is the remainder when j is divided by 5?
4
Let c(k) = -39*k - 7. What is the remainder when c(-4) is divided by 50?
49
Calculate the remainder when 111 is divided by (-166)/(-6) + 10/30.
27
Suppose -4*g + 41 = b, 0*b + 2*b = 4*g - 50. Suppose -4*k = -x + g, -x - 2 = 2*k - 5*x. What is the remainder when 10 is divided by (k - -5) + -2 + 4?
2
Let s be (1 - 0) + (-4 - -1). Suppose -20 = -w + 3. Calculate the remainder when w is divided by (208/40)/(s/(-5)).
10
Let a(y) = y**3 - 11*y**2 + 13*y - 11. Suppose -4 = -3*u - 5*l + 36, 0 = -4*u - 5*l + 50. Calculate the remainder when a(u) is divided by 10.
9
Suppose -3*v = -2*t + 172, 3*t - 338 = -t + 3*v. Calculate the remainder when t is divided by 21.
20
Suppose -2*z = -7 - 1. Calculate the remainder when 85 is divided by 20 + 0 + z + -2.
19
Suppose 24 = 3*r + 6. Let l = 86 + -71. What is the remainder when l is divided by r?
3
Let w be (15/(-3))/(1/3). Let j = -10 - w. Calculate the remainder when (-4)/10 - (-12)/j is divided by 2.
0
Let n = 7 - 3. Suppose 3*d + 6 = -3*w, 0*w - 16 = -4*w + 4*d. What is the remainder when (-150)/(-12) - w/(-2) is divided by n?
1
What is the remainder when 110 - (-4)/8*12/2 is divided by 29?
26
Suppose -4*m + 15 - 7 = 0. Suppose m*w - 64 = -2*w - 2*u, -16 = -w - 3*u. Let n = 121 - 75. What is the remainder when n is divided by w?
14
Let a(z) = -z + 14. What is the remainder when 111 is divided by a(-15)?
24
Calculate the remainder when 41 is divided by (-7)/4*(-40)/5.
13
Let w = -38 - -57. Let m(a) be the second derivative of a**5/20 - 3*a**4/4 - 5*a**3/6 - 7*a**2 + 4*a. Calculate the remainder when m(10) is divided by w.
17
Suppose 0*f + 25 = 5*f. Suppose -3 = -f*l + 32. Calculate the remainder when 12 is divided by l.
5
Suppose -4*w - 64 = -2*i, 0 = 4*i - 6*w + 4*w - 128. What is the remainder when i is divided by 12?
8
Suppose a = -2*a + 5*r + 53, 4*r + 5 = -a. What is the remainder when 17 is divided by a?
6
Let p = -3 - -4. Let v(d) = d**3 + 9*d**2 + 7*d + 1. Let u be v(-7). What is the remainder when -1 + u/2 + p is divided by 9?
7
Calculate the remainder when 97 is divided by (-1 + -24)*(1 + -2).
22
Suppose 0 = -9*z + 45. What is the remainder when 26 is divided by z?
1
Let t = 9 + -4. Calculate the remainder when t is divided by 2.
1
Let l(g) = -26*g + 5. Let k(p) = -155*p + 30. Let w(u) = -6*k(u) + 35*l(u). What is the remainder when w(3) is divided by 29?
26
Let w(m) be the second derivative of -7*m**3/6 - 3*m**2/2 - 5*m. What is the remainder when 63 is divided by w(-5)?
31
Let o = -37 - -62. Let s(b) = -b + 13. Let g be -1 - (-3)/1 - 2. Calculate the remainder when o is divided by s(g).
12
Let m = 3 - 4. What is the remainder when 50 is divided by 10 + 6*m/(-2)?
11
Let p(b) = b**3 + 8*b**2 + 9*b + 2. Let c be p(-6). Let z = -8 + c. Suppose -3*o - o = 4*i - z, 2*i - 6 = -o. Calculate the remainder when i is divided by 2.
1
Let d = -6 + 41. What is the remainder when d is divided by 19?
16
Suppose -15 = 5*s + 5*z, 5*z - 2*z = -5*s - 5. Suppose -h = -s*h + 9. What is the remainder when 26 is divided by h?
8
Let p be 5/(-2 + 1 - 0). Let a = -3 - p. Suppose -3*u = a*m - 61, m + 2*u - 14 = 15. Calculate the remainder when m is divided by 12.
11
Suppose -2*r = -0*r - 10. Suppose -n - k = -r, k + 2 = -2. Suppose -h + 3 = -2. Calculate the remainder when n is divided by h.
4
Suppose 2*g - 5*g = -6. What is the remainder when 9 is divided by g?
1
Let l be 1/(-5) - (-82)/10. Suppose -3*b - l = 13. Let f = b - -18. Calculate the remainder when 32 is divided by f.
10
Let b = 99 + -83. Suppose 5*g - 112 = -3*u, -4*g = -2*u - g + 43. Calculate the remainder when u is divided by b.
13
Let o be ((-9)/15)/((-3)/15). Suppose -4 = -w - o. Let t(f) = f + 8. What is the remainder when t(-6) is divided by w?
0
Suppose 0 = -j + 3*r + 7, -4*j + r = -4*r - 42. Suppose 2*z + 19 = 3*c - 2*z, 2*c + 2*z - 8 = 0. Calculate the remainder when j is divided by c.
3
Let y = 10 - 10. Suppose -45 = -y*f - 5*f. What is the remainder when 43 is divided by f?
7
Let g(p) = p**3 + 4*p**2 - 3*p + 5. Let j be 1 + 0 - 30/6. Calculate the remainder when 50 is divided by g(j).
16
Let r = 21 - 6. Calculate the remainder when 211/5 + 2/(-10) is divided by r.
12
Suppose 0 = -4*w - 2*p + 3*p - 22, 4*w = 3*p - 26. Let z(b) = -6*b + 1. Calculate the remainder when z(w) is divided by (-2 + 4)*(13/2 + -1).
9
Suppose 5 = -y + 2*y, 0 = -4*v + 3*y + 69. Calculate the remainder when v is divided by 6.
3
Suppose -4*f - 30 = -5*g, -4*g + 6 + 26 = -4*f. Let n be ((-16)/20)/(4/f). Calculate the remainder when 8 is divided by (n - -3)*1 + -2.
2
Let f = 7 + -6. Suppose -2*c + 13 + f = 0. What is the remainder when c is divided by 3?
1
Suppose f + 3 = 0, 4*j - 122 = 5*f + 13. Calculate the remainder when 59 is divided by j.
29
Let v = -20 - -28. What is the remainder when 36 is divided by v?
4
Calculate the remainder when ((-13)/2)/((-10)/20) is divided by 4.
1
Suppose -3 = 5*o - 6*o. Calculate the remainder when 11 is divided by o.
2
Let m(c) be the third derivative of -c**5/60 - c**4/2 + 13*c**3/6 + c**2. What is the remainder when 25 is divided by m(-12)?
12
Suppose -2 = -3*i + 94. What is the remainder when 127 is divided by i?
31
Suppose -17 - 7 = -4*f. What is the remainder when f is divided by 2?
0
What is the remainder when (-36)/3*(-6 + 100/(-8)) is divided by 45?
42
Suppose 4*u - u + 45 = 0. Calculate the remainder when 0 + -1 + 0 + 37 is divided by 4/(-10) + (-291)/u.
17
Suppose -4*d + 10 = -18. Suppose 0 = r - 5*b - 29, -r = -2*r - b - 1. What is the remainder when d is divided by r?
3
Suppose 0 = -0*a + a - 11. Let b(k) = -2 - 3 - 4*k**2 + 3*k**2 + 3 - a*k. What is the remainder when 14 is divided by b(-10)?
6
Suppose -3 = -t - 5*m, 3 = -3*m - 3. Suppose 8 = 3*s + w, 8*s - 30 = 3*s - 5*w. What is the remainder when 25 is divided by (3/3)/(s/t)?
12
Let l(h) = h**2 - h - 6. Let t be l(-3). Suppose -2*g - 7 = -k, k + g = -2*k + 7. Suppose 0*c = k*c - t. Calculate the remainder when 3 is divided by c.
1
Let y = -8 + -88. Let x be (-2)/11 + y/(-44). Suppose -x*u + 16 = -3*t - 21, -2*u + 25 = t. Calculate the remainder when 40 is divided by u.
12
What is the remainder when 7 is divided by -3 - (2 + -3)*5?
1
Let a be ((-1)/(-3))/((-1)/(-9)). Suppose a*y = 6*y - 27. Calculate the remainder when 25 is divided by y.
7
Calculate the remainder when 5/(-1) + 48 + 10 is divided by 7.
4
Let m = 1 - -4. Suppose 2*u - 4 = u. Suppose 2*r = 